What is the highest common divisor of 15 and 692745?
15
Calculate the greatest common divisor of 6 and 12898.
2
Calculate the highest common divisor of 1468 and 1004.
4
What is the greatest common divisor of 3312 and 4393?
23
Calculate the greatest common divisor of 48232 and 424.
8
What is the greatest common divisor of 72653 and 291?
97
What is the highest common divisor of 1148105 and 35?
35
What is the highest common divisor of 643663 and 722?
361
What is the greatest common factor of 214 and 22982?
2
What is the greatest common factor of 101 and 201293?
101
What is the greatest common factor of 54 and 9312?
6
Calculate the greatest common factor of 784125 and 7875.
1125
Calculate the greatest common divisor of 75114 and 936.
234
Calculate the highest common divisor of 175 and 196525.
175
What is the highest common factor of 8819580 and 42?
42
What is the greatest common divisor of 41733 and 36?
9
Calculate the greatest common factor of 202176 and 546.
78
Calculate the highest common factor of 8 and 110912.
8
What is the greatest common factor of 141511 and 7?
1
What is the highest common factor of 180 and 50175?
45
What is the highest common factor of 4419 and 55483?
491
Calculate the highest common divisor of 197682 and 1551.
141
Calculate the highest common divisor of 724514 and 147.
49
Calculate the highest common factor of 203001 and 942.
471
Calculate the greatest common factor of 4 and 8102.
2
What is the greatest common factor of 4182 and 1734?
102
Calculate the highest common divisor of 27501 and 2369.
103
Calculate the greatest common factor of 202131 and 666.
333
Calculate the greatest common factor of 361081 and 7.
7
Calculate the highest common factor of 112432 and 176.
16
What is the highest common factor of 24 and 187336?
8
Calculate the greatest common factor of 24 and 59628.
12
Calculate the highest common divisor of 1356 and 828.
12
Calculate the highest common divisor of 24875 and 640.
5
Calculate the greatest common divisor of 156 and 128076.
156
What is the highest common divisor of 1470 and 53250?
30
Calculate the highest common factor of 26689473 and 51.
51
What is the greatest common divisor of 14 and 350?
14
Calculate the greatest common divisor of 241407 and 27.
27
What is the highest common factor of 71896 and 66?
22
What is the greatest common factor of 21164 and 5624?
148
Calculate the highest common divisor of 222305 and 3633.
173
Calculate the greatest common divisor of 9542 and 208.
26
What is the highest common divisor of 1408 and 4103?
11
Calculate the greatest common divisor of 660 and 24870.
30
Calculate the greatest common divisor of 786270 and 6.
6
What is the highest common divisor of 7438494 and 84?
42
Calculate the greatest common divisor of 33856 and 2864.
16
Calculate the greatest common factor of 1819620 and 99.
99
Calculate the highest common factor of 3501 and 31120.
389
What is the highest common factor of 4966 and 101230?
382
Calculate the highest common factor of 1883 and 268193.
269
Calculate the highest common divisor of 35 and 18305.
35
What is the greatest common factor of 174152 and 264?
88
Calculate the greatest common divisor of 1457 and 28768.
31
Calculate the greatest common divisor of 351 and 36023.
13
Calculate the highest common factor of 26677 and 5180.
259
Calculate the highest common factor of 21167 and 122.
61
What is the greatest common factor of 825601 and 249?
83
What is the highest common divisor of 1493479 and 26?
13
Calculate the highest common factor of 840 and 80045.
35
What is the highest common divisor of 1455 and 2965775?
485
Calculate the highest common divisor of 9750 and 23790.
390
What is the highest common factor of 54 and 7703766?
18
What is the highest common factor of 141620 and 3492?
388
Calculate the highest common divisor of 5960 and 922.
2
What is the greatest common factor of 58 and 107213?
29
What is the highest common divisor of 8 and 2539?
1
What is the highest common factor of 74 and 9266354?
74
Calculate the greatest common factor of 838 and 1059232.
838
Calculate the greatest common divisor of 1980 and 28039.
11
Calculate the highest common divisor of 26 and 136006.
26
Calculate the greatest common divisor of 63 and 274694.
7
What is the greatest common factor of 3725 and 12250?
25
Calculate the greatest common divisor of 12403 and 32185.
157
What is the highest common divisor of 98448 and 92?
4
Calculate the highest common factor of 26 and 19357.
13
What is the highest common factor of 96 and 818?
2
What is the greatest common factor of 55 and 632255?
5
What is the highest common divisor of 107128 and 208?
8
Calculate the highest common factor of 32 and 104.
8
What is the highest common factor of 42394 and 594?
22
What is the greatest common factor of 13352 and 40?
8
What is the highest common divisor of 3157 and 770759?
451
Calculate the highest common factor of 26 and 142181.
13
Calculate the greatest common divisor of 5232 and 220398.
654
What is the greatest common divisor of 25473 and 3738?
21
What is the greatest common factor of 61605 and 5550?
555
Calculate the highest common divisor of 336 and 179592.
168
Calculate the greatest common factor of 20 and 306055.
5
What is the greatest common factor of 1419 and 74151?
33
What is the greatest common divisor of 20 and 1718720?
20
What is the greatest common divisor of 3465339 and 723?
723
Calculate the highest common factor of 331 and 128759.
331
Calculate the highest common divisor of 159468 and 23016.
1644
Calculate the greatest common factor of 13268 and 6572.
124
Calculate the highest common factor of 4462 and 3174.
46
Calculate the highest common divisor of 7004 and 170.
34
Calculate the greatest common factor of 467999 and 49.
49
What is the highest common divisor of 160 and 1120720?
80
Calculate the highest common factor of 308 and 204743.
77
Calculate the highest common factor of 2859 and 129.
3
Calculate the greatest common divisor of 276160 and 1984.
64
Calculate the highest common divisor of 616 and 13944.
56
What is the greatest common divisor of 75660 and 280815?
1455
Calculate the highest common factor of 26016 and 256.
32
What is the greatest common factor of 1720657 and 29?
29
Calculate the highest common factor of 279 and 711.
9
Calculate the greatest common divisor of 1512467 and 359.
359
What is the highest common factor of 79282 and 155328?
1618
Calculate the greatest common divisor of 370240 and 1600.
320
What is the highest common divisor of 53 and 31376?
53
What is the greatest common divisor of 407866 and 188?
94
Calculate the greatest common factor of 850 and 23200.
50
Calculate the highest common factor of 74663 and 197.
197
What is the greatest common divisor of 15 and 5793?
3
What is the highest common factor of 3104 and 1632?
32
What is the highest common divisor of 867673 and 19?
19
What is the highest common factor of 21 and 28385007?
21
What is the greatest common factor of 5941342 and 44?
22
What is the highest common divisor of 65109 and 264?
33
Calculate the greatest common factor of 1308 and 3.
3
Calculate the greatest common factor of 273 and 47827.
13
Calculate the greatest common factor of 351 and 1833.
39
What is the highest common divisor of 1017885 and 465?
465
Calculate the greatest common divisor of 12663 and 402.
201
Calculate the highest common factor of 283670 and 1140.
190
Calculate the highest common divisor of 52 and 15236.
52
What is the greatest common divisor of 2445 and 585?
15
What is the greatest common divisor of 4295 and 535?
5
What is the highest common divisor of 816 and 711144?
408
What is the greatest common factor of 31595 and 13795?
445
Calculate the greatest common divisor of 65621 and 1899.
211
What is the highest common factor of 216 and 92772?
108
Calculate the highest common divisor of 6838 and 286.
26
What is the greatest common divisor of 2757312 and 18?
18
What is the greatest common factor of 208614 and 42?
42
What is the greatest common factor of 7743 and 15931?
89
What is the greatest common factor of 5890 and 4085?
95
Calculate the highest common factor of 87 and 2060769.
87
Calculate the highest common factor of 1410 and 624066.
282
Calculate the highest common divisor of 5061200 and 400.
400
What is the greates